{"id":12,"date":"2022-11-28T18:00:05","date_gmt":"2022-11-28T18:00:05","guid":{"rendered":"https:\/\/talionis.citic.udc.es\/TechQoL4Carers\/?page_id=12"},"modified":"2025-02-24T10:15:13","modified_gmt":"2025-02-24T10:15:13","slug":"inicio","status":"publish","type":"page","link":"https:\/\/talionis.citic.udc.es\/TechQoL4Carers\/","title":{"rendered":"Inicio"},"content":{"rendered":"\t\t<div data-elementor-type=\"wp-page\" data-elementor-id=\"12\" class=\"elementor elementor-12\">\n\t\t\t\t\t\t<section class=\"elementor-section elementor-top-section elementor-element elementor-element-5f97d68 elementor-section-boxed elementor-section-height-default elementor-section-height-default\" data-id=\"5f97d68\" data-element_type=\"section\">\n\t\t\t\t\t\t<div class=\"elementor-container elementor-column-gap-default\">\n\t\t\t\t\t<div class=\"elementor-column elementor-col-66 elementor-top-column elementor-element elementor-element-77e4f48\" data-id=\"77e4f48\" data-element_type=\"column\">\n\t\t\t<div class=\"elementor-widget-wrap elementor-element-populated\">\n\t\t\t\t\t\t<div class=\"elementor-element elementor-element-1509022 elementor-widget elementor-widget-heading\" data-id=\"1509022\" data-element_type=\"widget\" data-widget_type=\"heading.default\">\n\t\t\t\t<div class=\"elementor-widget-container\">\n\t\t\t<h2 class=\"elementor-heading-title elementor-size-default\">TechQoL4Carers<\/h2>\t\t<\/div>\n\t\t\t\t<\/div>\n\t\t\t\t<div class=\"elementor-element elementor-element-ad6c3f0 elementor-widget elementor-widget-text-editor\" data-id=\"ad6c3f0\" data-element_type=\"widget\" data-widget_type=\"text-editor.default\">\n\t\t\t\t<div class=\"elementor-widget-container\">\n\t\t\t\t\t\t\t<p><span style=\"font-weight: bolder; text-align: left; color: #518ea6;\">TechQoL4Carers<\/span><span style=\"text-align: left;\"><span style=\"color: #518ea6;\">\u00a0<\/span>consiste en una plataforma tecnol\u00f3gica interconectada con una aplicaci\u00f3n m\u00f3vil y dispositivos wearable, que ofrecere un conjunto de servicios personalizados que permitir\u00e1n a las personas cuidadoras informales recoger y monitorear datos sobre la calidad de vida, equilibrio ocupacional y h\u00e1bitos de vida saludable; para reaccionar a advertencias y sugerencias; y acceder a contenidos de formaci\u00f3n online como apoyo adicional en sus tareas de cuidado y autocuidado.<\/span><\/p>\t\t\t\t\t\t<\/div>\n\t\t\t\t<\/div>\n\t\t\t\t\t<\/div>\n\t\t<\/div>\n\t\t\t\t<div class=\"elementor-column elementor-col-33 elementor-top-column elementor-element elementor-element-e3bb6af\" data-id=\"e3bb6af\" data-element_type=\"column\">\n\t\t\t<div class=\"elementor-widget-wrap elementor-element-populated\">\n\t\t\t\t\t\t<div class=\"elementor-element elementor-element-02c45c7 elementor-widget__width-initial elementor-widget elementor-widget-image\" data-id=\"02c45c7\" data-element_type=\"widget\" data-widget_type=\"image.default\">\n\t\t\t\t<div class=\"elementor-widget-container\">\n\t\t\t\t\t\t\t\t\t\t\t\t\t<img fetchpriority=\"high\" decoding=\"async\" width=\"2048\" height=\"1365\" src=\"https:\/\/talionis.citic.udc.es\/TechQoL4Carers\/wp-content\/uploads\/2025\/02\/elegant-old-man-standing-using-laptop-2048x1365.jpg\" class=\"attachment-2048x2048 size-2048x2048 wp-image-1302\" alt=\"\" srcset=\"https:\/\/talionis.citic.udc.es\/TechQoL4Carers\/wp-content\/uploads\/2025\/02\/elegant-old-man-standing-using-laptop-2048x1365.jpg 2048w, https:\/\/talionis.citic.udc.es\/TechQoL4Carers\/wp-content\/uploads\/2025\/02\/elegant-old-man-standing-using-laptop-300x200.jpg 300w, https:\/\/talionis.citic.udc.es\/TechQoL4Carers\/wp-content\/uploads\/2025\/02\/elegant-old-man-standing-using-laptop-1024x683.jpg 1024w, https:\/\/talionis.citic.udc.es\/TechQoL4Carers\/wp-content\/uploads\/2025\/02\/elegant-old-man-standing-using-laptop-768x512.jpg 768w, https:\/\/talionis.citic.udc.es\/TechQoL4Carers\/wp-content\/uploads\/2025\/02\/elegant-old-man-standing-using-laptop-1536x1024.jpg 1536w\" sizes=\"(max-width: 2048px) 100vw, 2048px\" \/>\t\t\t\t\t\t\t\t\t\t\t\t\t<\/div>\n\t\t\t\t<\/div>\n\t\t\t\t\t<\/div>\n\t\t<\/div>\n\t\t\t\t\t<\/div>\n\t\t<\/section>\n\t\t\t\t<section class=\"elementor-section elementor-top-section elementor-element elementor-element-16ffd78 elementor-section-boxed elementor-section-height-default elementor-section-height-default\" data-id=\"16ffd78\" data-element_type=\"section\">\n\t\t\t\t\t\t<div class=\"elementor-container elementor-column-gap-default\">\n\t\t\t\t\t<div class=\"elementor-column elementor-col-100 elementor-top-column elementor-element elementor-element-14d0c5f\" data-id=\"14d0c5f\" data-element_type=\"column\">\n\t\t\t<div class=\"elementor-widget-wrap elementor-element-populated\">\n\t\t\t\t<div class=\"elementor-element elementor-element-2dea66c e-grid e-con-full e-con e-parent\" data-id=\"2dea66c\" data-element_type=\"container\">\n\t\t\t\t<div class=\"elementor-element elementor-element-b1018af elementor-widget elementor-widget-image\" data-id=\"b1018af\" data-element_type=\"widget\" data-widget_type=\"image.default\">\n\t\t\t\t<div class=\"elementor-widget-container\">\n\t\t\t\t\t\t\t\t\t\t\t\t\t<img decoding=\"async\" src=\"https:\/\/talionis.citic.udc.es\/TechQoL4Carers\/wp-content\/uploads\/elementor\/thumbs\/usuario-qwy417ykzrc2x7ql0kbciywh9dnc0vmvvxbwkarwgw.png\" title=\"usuario\" alt=\"\" loading=\"lazy\" \/>\t\t\t\t\t\t\t\t\t\t\t\t\t<\/div>\n\t\t\t\t<\/div>\n\t\t\t\t<div class=\"elementor-element elementor-element-73a0b14 elementor-widget elementor-widget-image\" data-id=\"73a0b14\" data-element_type=\"widget\" data-widget_type=\"image.default\">\n\t\t\t\t<div class=\"elementor-widget-container\">\n\t\t\t\t\t\t\t\t\t\t\t\t\t<img decoding=\"async\" src=\"https:\/\/talionis.citic.udc.es\/TechQoL4Carers\/wp-content\/uploads\/elementor\/thumbs\/mapa-marcador-inicio-qwy44l7rhdy2iwugciq7ymaxw31olu09clhjgzs468.png\" title=\"mapa-marcador-inicio\" alt=\"\" loading=\"lazy\" \/>\t\t\t\t\t\t\t\t\t\t\t\t\t<\/div>\n\t\t\t\t<\/div>\n\t\t\t\t<div class=\"elementor-element elementor-element-c5194e7 elementor-widget elementor-widget-image\" data-id=\"c5194e7\" data-element_type=\"widget\" data-widget_type=\"image.default\">\n\t\t\t\t<div class=\"elementor-widget-container\">\n\t\t\t\t\t\t\t\t\t\t\t\t\t<img decoding=\"async\" src=\"https:\/\/talionis.citic.udc.es\/TechQoL4Carers\/wp-content\/uploads\/elementor\/thumbs\/empleados-mujer-hombre-qwy44tob6w9nfei5z4dv32638jvzj3xudrcwshfkm8.png\" title=\"empleados-mujer-hombre\" alt=\"\" loading=\"lazy\" \/>\t\t\t\t\t\t\t\t\t\t\t\t\t<\/div>\n\t\t\t\t<\/div>\n\t\t\t\t<\/div>\n\t\t<div class=\"elementor-element elementor-element-2533da3 e-grid e-con-full e-con e-parent\" data-id=\"2533da3\" data-element_type=\"container\">\n\t\t\t\t<div class=\"elementor-element elementor-element-8036d56 elementor-widget elementor-widget-counter\" data-id=\"8036d56\" data-element_type=\"widget\" data-widget_type=\"counter.default\">\n\t\t\t\t<div class=\"elementor-widget-container\">\n\t\t\t\t\t<div class=\"elementor-counter\">\n\t\t\t<div class=\"elementor-counter-title\">Personas cuidadoras participantes<\/div>\t\t\t<div class=\"elementor-counter-number-wrapper\">\n\t\t\t\t<span class=\"elementor-counter-number-prefix\"><\/span>\n\t\t\t\t<span class=\"elementor-counter-number\" data-duration=\"2000\" data-to-value=\"62\" data-from-value=\"0\" data-delimiter=\",\">0<\/span>\n\t\t\t\t<span class=\"elementor-counter-number-suffix\"><\/span>\n\t\t\t<\/div>\n\t\t<\/div>\n\t\t\t\t<\/div>\n\t\t\t\t<\/div>\n\t\t\t\t<div class=\"elementor-element elementor-element-16e306f elementor-widget elementor-widget-counter\" data-id=\"16e306f\" data-element_type=\"widget\" data-widget_type=\"counter.default\">\n\t\t\t\t<div class=\"elementor-widget-container\">\n\t\t\t\t\t<div class=\"elementor-counter\">\n\t\t\t<div class=\"elementor-counter-title\">Centros involucrados<\/div>\t\t\t<div class=\"elementor-counter-number-wrapper\">\n\t\t\t\t<span class=\"elementor-counter-number-prefix\"><\/span>\n\t\t\t\t<span class=\"elementor-counter-number\" data-duration=\"2000\" data-to-value=\"6\" data-from-value=\"0\" data-delimiter=\",\">0<\/span>\n\t\t\t\t<span class=\"elementor-counter-number-suffix\"><\/span>\n\t\t\t<\/div>\n\t\t<\/div>\n\t\t\t\t<\/div>\n\t\t\t\t<\/div>\n\t\t\t\t<div class=\"elementor-element elementor-element-82aa671 elementor-widget elementor-widget-counter\" data-id=\"82aa671\" data-element_type=\"widget\" data-widget_type=\"counter.default\">\n\t\t\t\t<div class=\"elementor-widget-container\">\n\t\t\t\t\t<div class=\"elementor-counter\">\n\t\t\t<div class=\"elementor-counter-title\">Investigadores<\/div>\t\t\t<div class=\"elementor-counter-number-wrapper\">\n\t\t\t\t<span class=\"elementor-counter-number-prefix\"><\/span>\n\t\t\t\t<span class=\"elementor-counter-number\" data-duration=\"2000\" data-to-value=\"14\" data-from-value=\"0\" data-delimiter=\",\">0<\/span>\n\t\t\t\t<span class=\"elementor-counter-number-suffix\"><\/span>\n\t\t\t<\/div>\n\t\t<\/div>\n\t\t\t\t<\/div>\n\t\t\t\t<\/div>\n\t\t\t\t<\/div>\n\t\t\t\t<div class=\"elementor-element elementor-element-651933d elementor-widget elementor-widget-spacer\" data-id=\"651933d\" data-element_type=\"widget\" data-widget_type=\"spacer.default\">\n\t\t\t\t<div class=\"elementor-widget-container\">\n\t\t\t\t\t<div class=\"elementor-spacer\">\n\t\t\t<div class=\"elementor-spacer-inner\"><\/div>\n\t\t<\/div>\n\t\t\t\t<\/div>\n\t\t\t\t<\/div>\n\t\t\t\t\t<\/div>\n\t\t<\/div>\n\t\t\t\t\t<\/div>\n\t\t<\/section>\n\t\t\t\t<section class=\"elementor-section elementor-top-section elementor-element elementor-element-aa89ef5 elementor-section-boxed elementor-section-height-default elementor-section-height-default\" data-id=\"aa89ef5\" data-element_type=\"section\">\n\t\t\t\t\t\t<div class=\"elementor-container elementor-column-gap-default\">\n\t\t\t\t\t<div class=\"elementor-column elementor-col-50 elementor-top-column elementor-element elementor-element-0acf430\" data-id=\"0acf430\" data-element_type=\"column\">\n\t\t\t<div class=\"elementor-widget-wrap elementor-element-populated\">\n\t\t\t\t\t\t<div class=\"elementor-element elementor-element-1518b66 elementor-widget elementor-widget-image\" data-id=\"1518b66\" data-element_type=\"widget\" data-widget_type=\"image.default\">\n\t\t\t\t<div class=\"elementor-widget-container\">\n\t\t\t\t\t\t\t\t\t\t\t\t\t<img decoding=\"async\" width=\"666\" height=\"375\" src=\"https:\/\/talionis.citic.udc.es\/TechQoL4Carers\/wp-content\/uploads\/2024\/02\/esquema.png\" class=\"attachment-large size-large wp-image-247\" alt=\"\" srcset=\"https:\/\/talionis.citic.udc.es\/TechQoL4Carers\/wp-content\/uploads\/2024\/02\/esquema.png 666w, https:\/\/talionis.citic.udc.es\/TechQoL4Carers\/wp-content\/uploads\/2024\/02\/esquema-300x169.png 300w\" sizes=\"(max-width: 666px) 100vw, 666px\" \/>\t\t\t\t\t\t\t\t\t\t\t\t\t<\/div>\n\t\t\t\t<\/div>\n\t\t\t\t\t<\/div>\n\t\t<\/div>\n\t\t\t\t<div class=\"elementor-column elementor-col-50 elementor-top-column elementor-element elementor-element-d5e1f74\" data-id=\"d5e1f74\" data-element_type=\"column\">\n\t\t\t<div class=\"elementor-widget-wrap elementor-element-populated\">\n\t\t\t\t\t\t<div class=\"elementor-element elementor-element-aa1a936 elementor-widget elementor-widget-text-editor\" data-id=\"aa1a936\" data-element_type=\"widget\" data-widget_type=\"text-editor.default\">\n\t\t\t\t<div class=\"elementor-widget-container\">\n\t\t\t\t\t\t\t<p>En este esquema puede verse un resumen del tratamiento de datos de la plataforma.<\/p><p>La recolecci\u00f3n se lleva cabo mediante dispositivos wearable y cuestionarios disponibles tanto en la propia plataforma web como en la aplicaci\u00f3n m\u00f3vil.\u00a0<\/p><p>Para recoger estos datos de los dispositivos wearable, se integran aplicaciones m\u00f3viles como <strong><span style=\"color: #518ea6;\">Google Fit<\/span><\/strong> y <strong><span style=\"color: #518ea6;\">Zepp Life<\/span><\/strong>.<\/p>\t\t\t\t\t\t<\/div>\n\t\t\t\t<\/div>\n\t\t\t\t\t<\/div>\n\t\t<\/div>\n\t\t\t\t\t<\/div>\n\t\t<\/section>\n\t\t\t\t<section class=\"elementor-section elementor-top-section elementor-element elementor-element-cb3fca9 elementor-section-boxed elementor-section-height-default elementor-section-height-default\" data-id=\"cb3fca9\" data-element_type=\"section\">\n\t\t\t\t\t\t<div class=\"elementor-container elementor-column-gap-default\">\n\t\t\t\t\t<div class=\"elementor-column elementor-col-100 elementor-top-column elementor-element elementor-element-4f0c31d\" data-id=\"4f0c31d\" data-element_type=\"column\">\n\t\t\t<div class=\"elementor-widget-wrap elementor-element-populated\">\n\t\t\t\t\t\t<div class=\"elementor-element elementor-element-e1588f8 elementor-widget elementor-widget-spacer\" data-id=\"e1588f8\" data-element_type=\"widget\" data-widget_type=\"spacer.default\">\n\t\t\t\t<div class=\"elementor-widget-container\">\n\t\t\t\t\t<div class=\"elementor-spacer\">\n\t\t\t<div class=\"elementor-spacer-inner\"><\/div>\n\t\t<\/div>\n\t\t\t\t<\/div>\n\t\t\t\t<\/div>\n\t\t\t\t<div class=\"elementor-element elementor-element-83d34f8 elementor-widget elementor-widget-heading\" data-id=\"83d34f8\" data-element_type=\"widget\" data-widget_type=\"heading.default\">\n\t\t\t\t<div class=\"elementor-widget-container\">\n\t\t\t<h2 class=\"elementor-heading-title elementor-size-default\">\u00bfPor qu\u00e9 una plataforma para personas cuidadoras informales?<\/h2>\t\t<\/div>\n\t\t\t\t<\/div>\n\t\t\t\t<div class=\"elementor-element elementor-element-d55ff76 elementor-widget elementor-widget-text-editor\" data-id=\"d55ff76\" data-element_type=\"widget\" data-widget_type=\"text-editor.default\">\n\t\t\t\t<div class=\"elementor-widget-container\">\n\t\t\t\t\t\t\t<p>En Espa\u00f1a, el 15,3% de la poblaci\u00f3n se encuentra en un rol de cuidado informal. Seg\u00fan los \u00faltimos datos de 2020, el 52,9% de las personas cuidadoras informales en Espa\u00f1a dedican 20 horas o m\u00e1s a la semana al cuidado, representados por mujeres (58%) y con edades entre 45 y 64 a\u00f1os (52%). El impacto del cuidado informal en la vida cotidiana de las personas es doble: por un lado, se evidencian aspectos positivos, pero por otro lado, los aspectos negativos se reflejan en diferentes niveles (mental, f\u00edsico, econ\u00f3mico y social). Esta situaci\u00f3n se ha agravado debido a la crisis mundial Pandemia de COVID-19.<\/p><p>Hoy en d\u00eda, los sistemas sanitarios, sociales y de atenci\u00f3n a los cuidadores informales son necesarios desde una perspectiva centrada en la persona para promover su salud, calidad de vida y empoderamiento.\u00a0<\/p><p>La tecnolog\u00eda es una herramienta prometedora para proporcionar servicios personalizados para la participaci\u00f3n activa en estos procesos. La soluci\u00f3n tecnol\u00f3gica que se ha desarrollado ofrece contenidos formativos para personas cuidadoras informales, permiti\u00e9ndoles aumentar sus conocimientos y adquirir nuevas competencias, incluidas las digitales. Este enfoque tambi\u00e9n contribuir\u00e1 a la promoci\u00f3n de la educaci\u00f3n, el aprendizaje permanente y el desarrollo de habilidades.<\/p><p>Teniendo todo esto en cuenta, el proyecto <span style=\"color: #518ea6;\"><strong>TechQoL4Carers<\/strong> <\/span>busca promover la inclusi\u00f3n digital, a trav\u00e9s de un servicio inclusivo y sostenible que ponga a las personas en el centro, y contribuir a la mejora de la atenci\u00f3n\u00a0 domiciliaria a las personas mayores, con dependencia o con discapacidad, y\u00a0 fomentar la accesibilidad universal para toda la poblaci\u00f3n.<\/p>\t\t\t\t\t\t<\/div>\n\t\t\t\t<\/div>\n\t\t\t\t\t<\/div>\n\t\t<\/div>\n\t\t\t\t\t<\/div>\n\t\t<\/section>\n\t\t\t\t<\/div>\n\t\t","protected":false},"excerpt":{"rendered":"<p>TechQoL4Carers TechQoL4Carers\u00a0consiste en una plataforma tecnol\u00f3gica interconectada con una aplicaci\u00f3n m\u00f3vil y dispositivos wearable, que ofrecere un conjunto de servicios personalizados que permitir\u00e1n a las&hellip;<\/p>\n","protected":false},"author":1,"featured_media":0,"parent":0,"menu_order":0,"comment_status":"closed","ping_status":"closed","template":"","meta":{"footnotes":""},"class_list":["post-12","page","type-page","status-publish","hentry"],"_links":{"self":[{"href":"https:\/\/talionis.citic.udc.es\/TechQoL4Carers\/index.php?rest_route=\/wp\/v2\/pages\/12","targetHints":{"allow":["GET"]}}],"collection":[{"href":"https:\/\/talionis.citic.udc.es\/TechQoL4Carers\/index.php?rest_route=\/wp\/v2\/pages"}],"about":[{"href":"https:\/\/talionis.citic.udc.es\/TechQoL4Carers\/index.php?rest_route=\/wp\/v2\/types\/page"}],"author":[{"embeddable":true,"href":"https:\/\/talionis.citic.udc.es\/TechQoL4Carers\/index.php?rest_route=\/wp\/v2\/users\/1"}],"replies":[{"embeddable":true,"href":"https:\/\/talionis.citic.udc.es\/TechQoL4Carers\/index.php?rest_route=%2Fwp%2Fv2%2Fcomments&post=12"}],"version-history":[{"count":59,"href":"https:\/\/talionis.citic.udc.es\/TechQoL4Carers\/index.php?rest_route=\/wp\/v2\/pages\/12\/revisions"}],"predecessor-version":[{"id":1311,"href":"https:\/\/talionis.citic.udc.es\/TechQoL4Carers\/index.php?rest_route=\/wp\/v2\/pages\/12\/revisions\/1311"}],"wp:attachment":[{"href":"https:\/\/talionis.citic.udc.es\/TechQoL4Carers\/index.php?rest_route=%2Fwp%2Fv2%2Fmedia&parent=12"}],"curies":[{"name":"wp","href":"https:\/\/api.w.org\/{rel}","templated":true}]}}